{"id":189,"date":"2020-11-13T21:03:03","date_gmt":"2020-11-13T21:03:03","guid":{"rendered":"http:\/\/drdenizgunaydin.com\/?page_id=189"},"modified":"2020-11-13T21:23:23","modified_gmt":"2020-11-13T21:23:23","slug":"pandemi-doneminde-neden-kaygi-yasiyoruz","status":"publish","type":"page","link":"https:\/\/drdenizgunaydin.com\/?page_id=189","title":{"rendered":"Pandemi d\u00f6neminde neden kayg\u0131 ya\u015f\u0131yoruz?"},"content":{"rendered":"\n<figure class=\"wp-block-video\"><video controls src=\"http:\/\/drdenizgunaydin.com\/wp-content\/uploads\/2020\/11\/kaygi.mp4\"><\/video><\/figure>\n","protected":false},"excerpt":{"rendered":"","protected":false},"author":1,"featured_media":0,"parent":0,"menu_order":0,"comment_status":"closed","ping_status":"closed","template":"","meta":[],"_links":{"self":[{"href":"https:\/\/drdenizgunaydin.com\/index.php?rest_route=\/wp\/v2\/pages\/189"}],"collection":[{"href":"https:\/\/drdenizgunaydin.com\/index.php?rest_route=\/wp\/v2\/pages"}],"about":[{"href":"https:\/\/drdenizgunaydin.com\/index.php?rest_route=\/wp\/v2\/types\/page"}],"author":[{"embeddable":true,"href":"https:\/\/drdenizgunaydin.com\/index.php?rest_route=\/wp\/v2\/users\/1"}],"replies":[{"embeddable":true,"href":"https:\/\/drdenizgunaydin.com\/index.php?rest_route=%2Fwp%2Fv2%2Fcomments&post=189"}],"version-history":[{"count":2,"href":"https:\/\/drdenizgunaydin.com\/index.php?rest_route=\/wp\/v2\/pages\/189\/revisions"}],"predecessor-version":[{"id":198,"href":"https:\/\/drdenizgunaydin.com\/index.php?rest_route=\/wp\/v2\/pages\/189\/revisions\/198"}],"wp:attachment":[{"href":"https:\/\/drdenizgunaydin.com\/index.php?rest_route=%2Fwp%2Fv2%2Fmedia&parent=189"}],"curies":[{"name":"wp","href":"https:\/\/api.w.org\/{rel}","templated":true}]}}