{"id":29,"date":"2020-11-12T12:45:34","date_gmt":"2020-11-12T12:45:34","guid":{"rendered":"http:\/\/drdenizgunaydin.com\/?page_id=29"},"modified":"2020-12-16T10:57:29","modified_gmt":"2020-12-16T10:57:29","slug":"dr-deniz-gunaydin-kimdir","status":"publish","type":"page","link":"https:\/\/drdenizgunaydin.com\/?page_id=29","title":{"rendered":"Dr. Deniz G\u00fcnayd\u0131n Kimdir?"},"content":{"rendered":"\n<p class=\"has-medium-font-size\">1969 y\u0131l\u0131nda Konya\u2019da do\u011fdu. 1993 y\u0131l\u0131nda Sel\u00e7uk \u00dcniversitesi T\u0131p Fak\u00fcltesinden mezun oldu. 1993-<br>2015 y\u0131llar\u0131 aras\u0131nda Konya\u2019da Sa\u011fl\u0131k Oca\u011f\u0131 Hekimi ve Aile Hekimi olarak g\u00f6rev yapt\u0131. 2003 y\u0131l\u0131ndan<br>itibaren Psikoterapi ve Psikolojik Dan\u0131\u015fmanl\u0131k alan\u0131nda, D\u00fc\u015f\u00fcnsel Duygulan\u0131mc\u0131 Davran\u0131\u015f Terapisi,<br>Bili\u015fsel Davran\u0131\u015f\u00e7\u0131 Terapi, \u015eema Terapi, Sistemik Terapi alan\u0131nda bir\u00e7ok yurti\u00e7i ve yurtd\u0131\u015f\u0131 e\u011fitimler<br>ald\u0131. Psikolojik Dan\u0131\u015fma ve Rehberlik konusunda Sel\u00e7uk \u00dcniversitesi\u2019nde Y\u00fcksek Lisans, Necmettin<br>Erbakan \u00dcniversitesi\u2019nde Doktora \u00e7al\u0131\u015fmalar\u0131n\u0131 tamamlad\u0131. 2015 y\u0131l\u0131nda bireylere, \u00e7iftlere ve ailelere<br>dan\u0131\u015fmanl\u0131k vermek \u00fczere Psikolojik Dan\u0131\u015fma merkezini kurdu. T\u00fcrkiye Alzheimer Derne\u011fi Konya<br>\u015eubesi\u2019nin kurulu\u015funda g\u00f6rev ald\u0131. Kurulu\u015f a\u015famas\u0131ndan itibaren dernek y\u00f6netim kurulunda, bilimsel<br>komitede, dernekle ilgili \u00e7e\u015fitli e\u011fitimlerde g\u00f6rev ald\u0131 ve Hasta Yak\u0131n\u0131 Dayan\u0131\u015fma Grubu\u2019nu y\u00f6netti.<br>2017 y\u0131l\u0131ndan bu yana KTO Karatay \u00dcniversitesi Psikoloji B\u00f6l\u00fcm\u00fcnde Misafir \u00d6\u011fretim \u00dcyesi olarak<br>ders vermekte ve 2019 y\u0131l\u0131ndan bu yana Konya G\u0131da Tar\u0131m \u00dcniversitesi Psikoloji B\u00f6l\u00fcm\u00fcnde \u00d6\u011fretim<br>\u00dcyesi olarak g\u00f6rev yapmaktad\u0131r.<\/p>\n\n\n\n<p><\/p>\n","protected":false},"excerpt":{"rendered":"<p>1969 y\u0131l\u0131nda Konya\u2019da do\u011fdu. 1993 y\u0131l\u0131nda Sel\u00e7uk \u00dcniversitesi T\u0131p Fak\u00fcltesinden mezun oldu. 1993-2015 y\u0131llar\u0131 aras\u0131nda Konya\u2019da Sa\u011fl\u0131k Oca\u011f\u0131 Hekimi ve Aile Hekimi olarak g\u00f6rev yapt\u0131. 2003 y\u0131l\u0131ndanitibaren Psikoterapi ve Psikolojik Dan\u0131\u015fmanl\u0131k alan\u0131nda, D\u00fc\u015f\u00fcnsel Duygulan\u0131mc\u0131 Davran\u0131\u015f Terapisi,Bili\u015fsel Davran\u0131\u015f\u00e7\u0131 Terapi, \u015eema Terapi, Sistemik Terapi alan\u0131nda bir\u00e7ok yurti\u00e7i ve yurtd\u0131\u015f\u0131 e\u011fitimlerald\u0131. Psikolojik Dan\u0131\u015fma ve Rehberlik konusunda Sel\u00e7uk \u00dcniversitesi\u2019nde&hellip; <br \/> <a class=\"read-more\" href=\"https:\/\/drdenizgunaydin.com\/?page_id=29\">Devam\u0131<\/a><\/p>\n","protected":false},"author":1,"featured_media":0,"parent":0,"menu_order":0,"comment_status":"closed","ping_status":"closed","template":"page-templates\/page-with-right-sidebar.php","meta":[],"_links":{"self":[{"href":"https:\/\/drdenizgunaydin.com\/index.php?rest_route=\/wp\/v2\/pages\/29"}],"collection":[{"href":"https:\/\/drdenizgunaydin.com\/index.php?rest_route=\/wp\/v2\/pages"}],"about":[{"href":"https:\/\/drdenizgunaydin.com\/index.php?rest_route=\/wp\/v2\/types\/page"}],"author":[{"embeddable":true,"href":"https:\/\/drdenizgunaydin.com\/index.php?rest_route=\/wp\/v2\/users\/1"}],"replies":[{"embeddable":true,"href":"https:\/\/drdenizgunaydin.com\/index.php?rest_route=%2Fwp%2Fv2%2Fcomments&post=29"}],"version-history":[{"count":5,"href":"https:\/\/drdenizgunaydin.com\/index.php?rest_route=\/wp\/v2\/pages\/29\/revisions"}],"predecessor-version":[{"id":284,"href":"https:\/\/drdenizgunaydin.com\/index.php?rest_route=\/wp\/v2\/pages\/29\/revisions\/284"}],"wp:attachment":[{"href":"https:\/\/drdenizgunaydin.com\/index.php?rest_route=%2Fwp%2Fv2%2Fmedia&parent=29"}],"curies":[{"name":"wp","href":"https:\/\/api.w.org\/{rel}","templated":true}]}}