{"id":295,"date":"2020-12-16T11:51:49","date_gmt":"2020-12-16T11:51:49","guid":{"rendered":"http:\/\/drdenizgunaydin.com\/?page_id=295"},"modified":"2020-12-17T07:58:49","modified_gmt":"2020-12-17T07:58:49","slug":"cocuk-ve-ergen-terapisi","status":"publish","type":"page","link":"https:\/\/drdenizgunaydin.com\/?page_id=295","title":{"rendered":"\u00c7ocuk ve Ergen Terapisi"},"content":{"rendered":"\n<p class=\"has-medium-font-size\">\u00c7ocuklar\u0131n ve ergenlerin d\u00fcnyay\u0131, olaylar\u0131 alg\u0131lama ve de\u011ferlendirme \u015fekilleri yeti\u015fkinlerden olduk\u00e7a farkl\u0131d\u0131r. Bu sebeple \u00e7ocuklarla ve ergenlerle \u00e7al\u0131\u015f\u0131rken terapi s\u00fcreci onlar\u0131n ihtiya\u00e7lar\u0131na g\u00f6re yap\u0131land\u0131r\u0131l\u0131r. Gerek g\u00f6r\u00fcl\u00fcrse \u00e7ocu\u011fun ya\u015f\u0131na g\u00f6re s\u00fcre\u00e7 \u015fekillendirilip oyun terapisiyle de desteklenir. Terapist profesyonel g\u00f6r\u00fc\u015fmelerinin sonucunda  \u00e7ocu\u011fun ailenin bir problemini i\u015faret etti\u011fini tespit ederse, aileye aile terapisini de teklif edebilir. \u00c7ocuk ve ergen terapisine ba\u015fvuru nedenleri genellikle \u015fu \u015fekildedir:<\/p>\n\n\n\n<p class=\"has-large-font-size\">\u00c7ocuklarda<\/p>\n\n\n\n<ul><li>Dikkat eksikli\u011fi ve hiperaktivite bozuklu\u011fu<\/li><li>Disiplin ve s\u0131n\u0131r problemleri<\/li><li>A\u015f\u0131r\u0131 inat\u00e7\u0131l\u0131k<\/li><li>Ba\u011flanma problemleri<\/li><li>Anneden ayr\u0131lamama<\/li><li>Alt \u0131slatma<\/li><li>Sa\u00e7 kopartma<\/li><li>\u00d6fke n\u00f6betleri<\/li><li>Yeme bozukluklar\u0131<\/li><li>Uyku bozukluklar\u0131<\/li><li>Karde\u015f k\u0131skan\u00e7l\u0131\u011f\u0131<\/li><li>Ders \u00e7al\u0131\u015fmama<\/li><li>Okula gitmek istememe<\/li><li>Teknoloji ba\u011f\u0131ml\u0131l\u0131\u011f\u0131<\/li><li>Oyun ba\u011f\u0131ml\u0131l\u0131\u011f\u0131<\/li><li>\u00c7ocukluk depresyonu<\/li><li>Zararl\u0131 al\u0131\u015fkanl\u0131klar<\/li><li>Ba\u011f\u0131ml\u0131l\u0131klar<\/li><li>Vurma, \u0131ss\u0131rma<\/li><li>Yalan s\u00f6yleme<\/li><li>Tikler<\/li><li>Konu\u015fma bozukluklar\u0131<\/li><li>\u00c7alma problemi<\/li><li>Parmak emme<\/li><li>A\u015f\u0131r\u0131 \u00e7ekingenlik<\/li><li>\u00c7ocukluk \u00e7a\u011f\u0131 mast\u00fcrbasyonu<\/li><li>Erken ergenlik<\/li><\/ul>\n\n\n\n<p class=\"has-large-font-size\">Ergenlerde<\/p>\n\n\n\n<ul><li>\u0130leti\u015fim problemleri<\/li><li>\u00d6fke problemleri<\/li><li>Aileyle \u00e7at\u0131\u015fma<\/li><li>Aileden kopma<\/li><li>Dikkat Eksikli\u011fi ve Hiperaktivite Bozuklu\u011fu<\/li><li>Akademik ba\u015far\u0131da d\u00fc\u015f\u00fc\u015f<\/li><li>Okula ve \u00e7evreye uyum problemleri<\/li><li>Arkada\u015f problemleri<\/li><li>Akran zorbal\u0131\u011f\u0131<\/li><li>Teknoloji ve sosyal medya ba\u011f\u0131ml\u0131l\u0131\u011f\u0131<\/li><li>Oyun ba\u011f\u0131ml\u0131l\u0131\u011f\u0131<\/li><li>Olumsuz beden alg\u0131s\u0131<\/li><li>Bulimia ve Anoreksiya  Nervoza <\/li><li>Cinsel geli\u015fim problemleri<\/li><\/ul>\n","protected":false},"excerpt":{"rendered":"<p>\u00c7ocuklar\u0131n ve ergenlerin d\u00fcnyay\u0131, olaylar\u0131 alg\u0131lama ve de\u011ferlendirme \u015fekilleri yeti\u015fkinlerden olduk\u00e7a farkl\u0131d\u0131r. Bu sebeple \u00e7ocuklarla ve ergenlerle \u00e7al\u0131\u015f\u0131rken terapi s\u00fcreci onlar\u0131n ihtiya\u00e7lar\u0131na g\u00f6re yap\u0131land\u0131r\u0131l\u0131r. Gerek g\u00f6r\u00fcl\u00fcrse \u00e7ocu\u011fun ya\u015f\u0131na g\u00f6re s\u00fcre\u00e7 \u015fekillendirilip oyun terapisiyle de desteklenir. Terapist profesyonel g\u00f6r\u00fc\u015fmelerinin sonucunda \u00e7ocu\u011fun ailenin bir problemini i\u015faret etti\u011fini tespit ederse, aileye aile terapisini de teklif edebilir. \u00c7ocuk ve&hellip; <br \/> <a class=\"read-more\" href=\"https:\/\/drdenizgunaydin.com\/?page_id=295\">Devam\u0131<\/a><\/p>\n","protected":false},"author":1,"featured_media":0,"parent":0,"menu_order":0,"comment_status":"closed","ping_status":"closed","template":"","meta":[],"_links":{"self":[{"href":"https:\/\/drdenizgunaydin.com\/index.php?rest_route=\/wp\/v2\/pages\/295"}],"collection":[{"href":"https:\/\/drdenizgunaydin.com\/index.php?rest_route=\/wp\/v2\/pages"}],"about":[{"href":"https:\/\/drdenizgunaydin.com\/index.php?rest_route=\/wp\/v2\/types\/page"}],"author":[{"embeddable":true,"href":"https:\/\/drdenizgunaydin.com\/index.php?rest_route=\/wp\/v2\/users\/1"}],"replies":[{"embeddable":true,"href":"https:\/\/drdenizgunaydin.com\/index.php?rest_route=%2Fwp%2Fv2%2Fcomments&post=295"}],"version-history":[{"count":3,"href":"https:\/\/drdenizgunaydin.com\/index.php?rest_route=\/wp\/v2\/pages\/295\/revisions"}],"predecessor-version":[{"id":447,"href":"https:\/\/drdenizgunaydin.com\/index.php?rest_route=\/wp\/v2\/pages\/295\/revisions\/447"}],"wp:attachment":[{"href":"https:\/\/drdenizgunaydin.com\/index.php?rest_route=%2Fwp%2Fv2%2Fmedia&parent=295"}],"curies":[{"name":"wp","href":"https:\/\/api.w.org\/{rel}","templated":true}]}}